2 - b - 4. What is the remainder when 27 is divided by c(-2)?
13
Suppose 4 = j + 3*j. Let t = j - -4. Suppose -24 = -s - t. What is the remainder when s is divided by 7?
5
Let j = -15 - -28. Calculate the remainder when 24 is divided by j.
11
Let h = 41 + -26. Calculate the remainder when 26 is divided by h.
11
Suppose 2*v = -4*k + 8, 5*v - 8*k - 20 = -4*k. Let r = 7 + -5. Suppose -r*x - 3*x + 10 = 0. What is the remainder when v is divided by x?
0
Let z = -14 + 19. What is the remainder when 5/((-25)/(-12))*10 is divided by z/(-5) + 14 + -4?
6
What is the remainder when 7 is divided by -2*(4 - 20/4)?
1
Let u = 26 + -44. Let h = -8 - u. Calculate the remainder when 29 is divided by h.
9
What is the remainder when (-1960)/(-50) + ((-4)/(-5) - 1) is divided by 21?
18
Suppose 2*z - 24 = -0*z. What is the remainder when (2 + (-20)/4)*-7 is divided by z?
9
Let n(w) = -w**3 - 14*w**2 - 20*w - 10. What is the remainder when n(-13) is divided by 28?
25
Suppose l + 13 = 3*u, 3*u + 4*l = -u + 12. What is the remainder when 10 is divided by u?
2
Let m = -3 - -9. Let x(p) = -6 - p + m. Calculate the remainder when 6 is divided by x(-4).
2
Suppose z + 4*o - 68 = -z, -3*o = 4*z - 111. Let r = z + -4. Let n(k) = k**3 + 9*k**2 + 8*k - 1. Calculate the remainder when r is divided by n(-2).
9
Let q(s) = -11*s**3 + 2*s**2 - s - 1. Let t be q(-2). Calculate the remainder when t/2 - 6/(-12) is divided by 17.
15
Let h(k) be the third derivative of -7*k**6/60 - k**5/60 - k**4/24 + 2*k**2. Let s be h(-1). Calculate the remainder when (-1 - 1/(-1)) + s is divided by 8.
6
Suppose 2*r + 204 = -r. Let i = 73 + -46. What is the remainder when i is divided by -4 - -1 - r/4?
13
Let w(g) = -g**3 - 2*g**2 + 6*g + 3. Let q = 3 + 1. What is the remainder when 34 + 3/((-6)/q) is divided by w(-4)?
10
Let r(c) = 46*c**3 + 2*c**2 - c. Calculate the remainder when 93 is divided by r(1).
46
Let c(y) = y**3 + 6*y**2 + 4*y + 4. Calculate the remainder when 35 is divided by c(-4).
15
Suppose -3*x + 2*x + 75 = 0. Suppose -38 = -n - n. Calculate the remainder when x is divided by n.
18
Let u(d) = -d**3 + d + 2. Let l(i) = i**2 + 8*i + 7. Let v be l(-7). Let m be u(v). Suppose m*r = 24 - 2. What is the remainder when r is divided by 4?
3
Let a(n) = 8*n**2 - 5*n - 8. Suppose 4*q - 2*q = -8. What is the remainder when a(-2) is divided by ((-6)/q)/((-1)/(-6))?
7
What is the remainder when (-25)/(1 + -2) + -1 is divided by 9?
6
Let v = -154 + 202. What is the remainder when v is divided by 27?
21
Suppose -4*f - 33 = -g - 3*f, 0 = -3*g - 2*f + 99. What is the remainder when 98 is divided by g?
32
Let w(u) = u + 53. Calculate the remainder when w(13) is divided by 20.
6
Let r(j) = -j**3 - 6*j**2 - 2. Let l be r(-6). Let z = 0 - l. Calculate the remainder when z is divided by 2.
0
Let n = 9 - 4. Suppose 2*r = -n*k + 110, -k + 2*r + 10 = -0*k. Calculate the remainder when 58 is divided by k.
18
Let s be (-1)/(((-4)/18)/2). Let w = 12 - s. What is the remainder when 11 is divided by w?
2
Let i be 1*10*(1 + 1). Let g be (i/6)/(8/12). Suppose 115 = g*x - 0. What is the remainder when x is divided by 6?
5
Let b be 2 + (2 - (1 - -1)). Calculate the remainder when b*((-2)/4 + 3) is divided by 4.
1
Let p(o) = o + 1. Let z be p(2). Suppose 4*v = -z + 27. Calculate the remainder when v is divided by 2.
0
Suppose 4*h = v + 20 + 5, -3*v - 12 = -3*h. Calculate the remainder when (-1380)/(-70) - (-2)/h is divided by 11.
9
Let c(h) = -2*h**2 + 1. Let w(t) be the first derivative of t**3 - 2*t - 3. Let i(y) = -5*c(y) - 3*w(y). What is the remainder when 38 is divided by i(3)?
8
Let d(v) = 3*v**3 - 4*v**2 + 2*v. What is the remainder when 35 is divided by d(2)?
11
Suppose -3*v - v = -84. Suppose -3*y = -v - 3. Let t = 52 - 30. Calculate the remainder when t is divided by y.
6
Suppose -r - 3*r + 72 = 0. Calculate the remainder when 67 is divided by r.
13
Suppose 0 = 3*g - 2*z - 103, -2*g - z - z = -52. Calculate the remainder when 119 is divided by g.
26
Suppose 2*i + 6*k - 2*k = 16, 2*k - 8 = -5*i. Suppose -j + 11 = 5*g, 4*j + 0*g + 4*g - 28 = i. Calculate the remainder when 15 is divided by j.
3
Suppose 0 = p + 4*p + 10. Let h be 1 + p - (3 - 6). Calculate the remainder when 13 is divided by (-1)/(h - 11/5).
3
Suppose -111 + 6 = -3*h. Calculate the remainder when h is divided by 15.
5
Suppose 0 = -10*h + 13*h - 15. What is the remainder when 19 is divided by h?
4
Let t be (-144)/(-27) + 2/3. Suppose o - t - 24 = 0. What is the remainder when o is divided by 11?
8
Suppose 3*w + 2*w - 75 = 0. Calculate the remainder when w is divided by 3.
0
Let p be 4/(-14) - (-69)/21. Suppose -14 = -p*s + 2*s. Suppose 3*o + 3*l - 15 = 0, -o - l + 3*l = -s. What is the remainder when o is divided by 5?
3
Suppose -4*y + 0*y = -36. Let s be (84/4)/(-1 - 0). Calculate the remainder when (s/35)/((-1)/55) is divided by y.
6
Let x(h) = -h**2 + 9*h + 2. Let c be x(6). Suppose -2*y + c = 3*y. Suppose y*p - 9 = 3*p. Calculate the remainder when 25 is divided by p.
7
Let o(n) = n**3 - 19*n**2 + 20*n - 15. Calculate the remainder when 62 is divided by o(18).
20
Let u = -4 + 7. Suppose 0 = 2*x + 3*g - 10, -u*g = -4*x + 33 + 5. Calculate the remainder when x is divided by 3.
2
Let v = 5 - 13. Let a = 15 + v. What is the remainder when 19 is divided by a?
5
Let q(n) be the third derivative of -11*n**4/24 + 2*n**3/3 + n**2. Calculate the remainder when q(-3) is divided by (52/(-6))/(4/(-6)).
11
Suppose 0 = -55*v + 57*v - 6. Suppose 5 = s - 3. What is the remainder when s is divided by v?
2
What is the remainder when 6 is divided by (8/14)/(9/63)?
2
Let s be (-1)/(-2 + 12/8). Suppose -9 + 13 = s*t. Calculate the remainder when 7 is divided by t.
1
Let m = 7 - 5. Suppose -4*k + 46 = m*y, 4*y - 3*y = 3*k - 27. Calculate the remainder when k is divided by 4.
2
Suppose -3*i = 3*r - 0*r + 24, i + 34 = -3*r. What is the remainder when 7 is divided by r/(-4) + (-3)/12?
1
Suppose -4*t = -2*j - 0*t + 24, -108 = -5*j - 2*t. What is the remainder when 52 is divided by j?
12
Suppose -5*x + 2*x + 120 = 0. Calculate the remainder when 77 is divided by (1/(-2))/((-1)/x).
17
Suppose 0 = 3*g - p - 9, -7 + 1 = -2*p. Suppose -2*z = 2*x - g*x - 66, 3*z + x - 95 = 0. What is the remainder when z is divided by (1 + -3)*34/(-4)?
15
Let y = 4 + 25. Suppose -4*u = -19 - y. Suppose 3*k = -2*b + 76, 5*k + 4*b - 130 = -0*b. Calculate the remainder when k is divided by u.
10
Calculate the remainder when 57 is divided by 25*(4/6)/(15/18).
17
Let l(i) = 2*i**3 - i**2 - 2*i. Suppose 0 = -3*d + 2 + 4. What is the remainder when 38 is divided by l(d)?
6
Suppose 5*p + 5 = 280. What is the remainder when 105 is divided by p?
50
Let f(a) = 6*a**2 + 2. Let p be f(-3). Suppose 3*l - p = -l. Calculate the remainder when 41 is divided by l.
13
Let t(d) = -3*d - 1. Let g be (9/(-12))/(1/(-4)). Suppose s = g*c - 23, 0*s - 22 = -4*c - 3*s. Calculate the remainder when t(-7) is divided by c.
6
Let x(r) = 5*r**2 + 2*r. What is the remainder when x(-3) is divided by 14?
11
Let x(g) = -g**3 + 16*g**2 + 17*g + 39. What is the remainder when 115 is divided by x(17)?
37
Let c(v) = 2*v + 49. Calculate the remainder when 19 is divided by c(-21).
5
Let u(t) = -2*t + 5*t**3 + 3*t - 6*t**3 - 3*t**2. Suppose 6*o - o = 110. Calculate the remainder when o is divided by u(-4).
10
Suppose -3*x + 3*n = -39, -4*x - 4*n = -24 - 44. Let o = -63 + 34. Let u = o + 57. What is the remainder when u is divided by x?
13
Suppose -13*t = -5*t - 128. Let s(n) = -n - 1. Let m(y) = 4*y + 1. Let r(b) = -m(b) + 2*s(b). What is the remainder when t is divided by r(-2)?
7
Let z = -16 + 31. What is the remainder when 28 is divided by z?
13
Let r(n) = 8*n - 38. Let i = 1 - -4. Calculate the remainder when r(7) is divided by i.
3
Let l be ((-162)/4)/(-3)*-2. Let i = 42 + l. What is the remainder when 29 is divided by i?
14
Let d = -25 + 41. Suppose -2*p = -4*p + 30. Let q = p - 9. Calculate the remainder when d is divided by q.
4
Let u = -4 - -5. Let z(n) = -3*n + 1. Let b be z(u). Let d = b + 25. What is the remainder when d is divided by 12?
11
Let i = 30 + 25. What is the remainder when i is divided by 165/9 - 4/(-6)?
17
Suppose 3*d = -2*d + 5, -y + 100 = 4*d. What is the remainder when y is divided by 18?
6
Let y = 0 